21101
-100111100111 (base 2) to base 9
-3426
What is -322202 (base 4) in base 15?
-119b
-32023 (base 5) to base 13
-c86
12012 (base 5) to base 15
3dc
Convert -204 (base 13) to base 4.
-11112
Convert 2e9 (base 15) to base 5.
10134
Convert -3343210 (base 5) to base 13.
-20c24
Convert -2334 (base 5) to base 4.
-11120
Convert 70406 (base 8) to base 7.
150233
2b635 (base 12) to base 8
167711
Convert -1001021122 (base 3) to base 2.
-101000010001010
What is -1511 (base 12) in base 15?
-ae1
-11110100011111 (base 2) to base 7
-63422
-3344 (base 8) to base 7
-5100
Convert 21b (base 13) to base 8.
552
Convert 351044 (base 6) to base 11.
20640
-1b8c (base 16) to base 6
-52352
ac3 (base 13) to base 11
1431
-510550 (base 6) to base 15
-be76
-6042 (base 9) to base 13
-2015
-1a3 (base 12) to base 9
-326
What is 711 (base 10) in base 13?
429
5208 (base 11) to base 9
10422
21024 (base 7) to base 11
3974
What is -671 (base 15) in base 12?
-a14
Convert -529b (base 14) to base 7.
-56354
What is 1105 (base 6) in base 11?
214
4067 (base 11) to base 9
7356
-110461 (base 9) to base 8
-200705
What is -6c90 (base 13) in base 3?
-210000200
What is 8380 (base 11) in base 4?
2231123
What is 131442 (base 7) in base 16?
6003
What is 3412 (base 5) in base 16?
1e2
Convert -413230 (base 5) to base 15.
-4045
What is 1a40 (base 12) in base 16?
c90
349 (base 16) to base 3
1011011
Convert 2222 (base 5) to base 13.
1b0
Convert 533 (base 11) to base 2.
1010000001
What is 1164 (base 7) in base 6?
2010
What is 233403 (base 6) in base 12?
b863
Convert 2021 (base 4) to base 16.
89
What is d507 (base 15) in base 10?
45007
Convert -21133 (base 4) to base 10.
-607
-18e6 (base 16) to base 15
-1d4e
-33314 (base 7) to base 13
-3a85
-32221 (base 4) to base 12
-661
12440 (base 5) to base 16
3e3
Convert -2343 (base 6) to base 8.
-1067
5dd (base 15) to base 14
6b3
-12420 (base 5) to base 12
-6a1
Convert 286 (base 13) to base 16.
1c0
1010000010011 (base 2) to base 7
20661
What is 21435 (base 6) in base 5?
43400
What is -640b (base 14) in base 8?
-41553
10772 (base 9) to base 13
3374
What is -9956 (base 12) in base 16?
-4212
-11021032 (base 4) to base 8
-51116
-29d (base 15) to base 4
-21112
1310420 (base 5) to base 6
315051
10100110000100101 (base 2) to base 13
2c919
Convert -1ca (base 15) to base 10.
-415
-26de (base 16) to base 9
-14575
Convert -407 (base 11) to base 9.
-605
What is 1110012 (base 3) in base 14?
558
Convert 1202220 (base 3) to base 2.
10100001101
What is -5643 (base 13) in base 4?
-2330112
What is -1219 (base 13) in base 4?
-213331
Convert -1305 (base 6) to base 2.
-101001001
Convert -1aa7 (base 16) to base 6.
-51331
Convert -10122102002 (base 3) to base 5.
-4243431
1a70 (base 12) to base 15
e6c
Convert 351324 (base 6) to base 7.
153616
What is -341031 (base 6) in base 13?
-10114
What is -11001101 (base 2) in base 13?
-12a
Convert -242155 (base 6) to base 2.
-101001011110111
-1ca (base 16) to base 2
-111001010
What is 80824 (base 9) in base 12?
2691a
What is 333211 (base 4) in base 5?
112234
-468 (base 9) to base 2
-110000010
Convert 12811 (base 9) to base 5.
234202
3797 (base 13) to base 11
5a30
What is -13a49 (base 14) in base 15?
-e64d
Convert d1 (base 15) to base 14.
100
393 (base 11) to base 16
1d1
900 (base 11) to base 14
57b
What is -1744 (base 10) in base 16?
-6d0
123012 (base 7) to base 3
1011001210
What is 230512 (base 6) in base 5?
1112003
Convert 650 (base 8) to base 10.
424
-111110110101 (base 2) to base 3
-12111221
Convert 432 (base 6) to base 3.
20002
-11000 (base 2) to base 3
-220
Convert -111202 (base 3) to base 8.
-563
What is -53592 (base 10) in base 3?
-2201111220
1598 (base 12) to base 11
1a21
Convert -235 (base 9) to base 10.
-194
What is 27603 (base 9) in base 8?
44432
13210 (base 4) to base 7
1261
Convert 236 (base 15) to base 11.
416
Convert -a2d (base 14) to base 13.
-bac
What is -990 (base 10) in base 13?
-5b2
-1d0 (base 14) to base 5
-3003
What is -6aa6 (base 13) in base 8?
-35240
What is -1110112 (base 3) in base 9?
-1415
Convert -313023 (base 7) to base 14.
-158ba
Convert 3310 (base 6) to base 11.
633
-460 (base 9) to base 14
-1d0
-207 (base 15) to base 5
-3312
What is -9 (base 12) in base 16?
-9
Convert -31520 (base 6) to base 9.
-5803
What is -2210 (base 3) in base 8?
-113
What is -738 (base 14) in base 7?
-4101
What is -5c1 (base 15) in base 7?
-3544
-573 (base 8) to base 14
-1d1
Convert 120000220 (base 3) to base 6.
122423
3322 (base 6) to base 12
542
-1003100 (base 4) to base 2
-1000011010000
-2608 (base 9) to base 2
-11110100000
Convert -120001 (base 3) to base 9.
-501
Convert e7d (base 15) to base 2.
110011000100
Convert 13104 (base 5) to base 8.
2005
Convert -212 (base 4) to base 7.
-53
-1122211021 (base 3) to base 12
-16ab1
-10b62 (base 14) to base 4
-21323102
Convert 324243 (base 5) to base 8.
25676
Convert -210301 (base 4) to base 6.
-14521
What is 2222100120 (base 3) in base 6?
1131110
What is -100211022 (base 3) in base 14?
-2879
-51a (base 12) to base 16
-2e6
6fa (base 16) to base 10
1786
-56412 (base 8) to base 10
-23818
Convert -541 (base 11) to base 5.
-10100
What is -b89 (base 16) in base 8?
-5611
Convert 3435 (base 9) to base 8.
4757
1011110000100 (base 2) to base 6
43512
Convert 10000001100001 (base 2) to base 7.
33111
-1000000 (base 2) to base 5
-224
Convert 866 (base 9) to base 15.
323
Convert 154020 (base 6) to base 2.
11101100011100
Convert 13125 (base 9) to base 4.
2022110
Convert -f3 (base 16) to base 3.
-100000
-2998 (base 10) to base 3
-11010001
2dc (base 14) to base 6
2414
Convert -122222021 (base 3) to base 15.
-3d37
-5624 (base 7) to base 10
-2027
4630 (base 7) to base 13
9ca
-510 (base 12) to base 5
-10412
10362 (base 12) to base 16
52fa
Convert -2004111 (base 5) to base 9.
-47532
Convert 1bbb7 (base 13) to base 8.
152721
What is -210224 (base 7) in base 3?
-1211120012
-147 (base 12) to base 9
-241
-103100000 (base 4) to base 11
-54270
What is -1001010111 (base 2) in base 5?
-4344
What is 4405 (base 11) in base 6?
42525
What is -1332132 (base 4) in base 11?
-6099
Convert 111101 (base 3) to base 5.
2421
-22364 (base 8) to base 9
-13871
What is -aa7 (base 14) in base 2?
-100000111011
What is -a6c (base 15) in base 6?
-14520
-871 (base 12) to base 7
-3415
-44a (base 16) to base 12
-776
What is 3a4 (base 13) in base 14?
33b
1305 (base 9) to base 13
5a2
Convert 11002200 (base 3) to base 5.
43423
-1262 (base 15) to base 8
-7515
Convert -2423 (base 11) to base 9.
-4313
Convert 26949 (base 11) to base 7.
216661
Convert -19df (base 16) to base 8.
-14737
-32b2 (base 12) to base 4
-1113212
What is -31 (base 12) in base 8?
-45
What is -13161 (base 9) in base 5?
-241014
28b1 (base 13) to base 11
4475
Convert -1100111010 (base 2) to base 8.
-1472
What is -510 (base 11) in base 12?
-434
321 (base 12) to base 7
1222
5a5 (base 13) to base 14
500
Convert 31013 (base 6) to base 11.
30aa
What is beab (base 16) in base 4?
23322223
36343 (base 7) to base 5
300224
-6a48 (base 14) to base 3
-221100202
1110000100111 (base 2) to base 4
1300213
-3a27 (base 12) to base 15
-1e8a
Convert -103d (base 14) to base 8.
-5357
What is 169 (base 13) in base 6?
1104
-220210001 (base 3) to base 6
-215344
Convert 1320314 (base 6) to base 10.
72694
What is -11230 (base 6) in base 14?
-826
Convert 2094 (base 16) to base 4.
2002110
Convert -10415 (base 6) to base 14.
-759
100110111 (base 2) to base 13
1ac
Convert 5409 (base 10) to base 8.
12441
What is -111121111 (base 3) in base 11?
-7500
Convert -2374 (base 14) to base 8.
-14042
What is 1520 (base 6) in base 13?
255
Convert -1627 (base 11) to base 16.
-826
46ac (base 13) to base 15
2e2e
1111112202 (base 3) to base 7
152114
What is 30414 (base 8) in base 14?
480c
What is -220 (base 8) in base 10?
-144
What is 612 (base 12) in base 15?
3d8
Convert -1447 (base 8) to base 16.
-327
What is -1110000100 (base 2) in base 7?
-2424
-110010100 (base 2) to base 14
-20c
What is 8118 (base 10) in base 3?
102010200
-717 (base 13) to base 6
-5323
What is 44b (base 12) in base 6?
2535
What is -36003 (base 9) in base 8?
-56774
21066 (base 7) to base 6
40013
102010302 (base 4) to base 13
2790c
1234 (base 6) to base 5
2220
-21302 (base 7) to base 6
-40302
What is -321441 (base 5) in base 12?
-635b
Convert -253 (base 16) to ba